. What is the remainder when (y/10)/((-3)/(-180)) is divided by 13?
11
Let q(a) = -a**3 - 4*a**2 - 5*a - 5. Let d(c) = -c**3 + 9*c**2 - 9*c + 8. Calculate the remainder when d(7) is divided by q(-4).
13
Suppose -11*m = -15*m + 64. Calculate the remainder when m is divided by 10.
6
Let k be 4/(-3)*(-198)/2. Suppose 3*w - 150 - k = 0. Suppose 0 = -5*z + w - 9. Calculate the remainder when z is divided by 9.
8
Suppose 2 = y - 9. What is the remainder when y is divided by 7?
4
Calculate the remainder when 43 is divided by (2/(-4))/(-3 + (-53)/(-18)).
7
Let x = -2 + -5. Let s = x + 14. Calculate the remainder when s is divided by 3.
1
Let o = -7 + 20. What is the remainder when 51 is divided by o?
12
Let n(h) = h + 10. Let k be n(6). Let d = -8 + k. Calculate the remainder when 15 is divided by d.
7
Let x = 64 - 47. What is the remainder when 43 is divided by x?
9
Suppose -5*b - z + 55 = 0, b - 3*z - 5 = -2*z. Suppose 0 = -3*s + 4*s - b. What is the remainder when 38 is divided by s?
8
Let s = -9 + 13. Suppose 5*z - 16 - s = 0. Suppose 5*c - c = 60. Calculate the remainder when c is divided by z.
3
Suppose 0 = l - 5*g - 39, 3*l - 24 = -2*g + 161. Calculate the remainder when l is divided by 15.
14
Suppose 0 = -2*z + z + 1. Let f be 0 + 1 + 0 + 2. Suppose t - 10 = -3*d, -2*t + d - 4 = -f. What is the remainder when z is divided by t?
0
Let b(h) = 2*h**2 - 9*h + 8. Suppose 2*w - 8 - 36 = 0. Calculate the remainder when b(7) is divided by w.
21
Suppose 0 = -31*q + 35*q - 64. Calculate the remainder when 55 is divided by q.
7
Let g(f) = f**2 - 6*f - 4. Let m be g(7). Suppose 2*c - v - m*v - 40 = 0, 0 = -2*v. Calculate the remainder when 78 is divided by c.
18
Suppose -2*s - 2 = 0, -x - 2*s = -4 - 7. Calculate the remainder when 22 is divided by x.
9
Let q = 413 - 394. Suppose 3*d + d = 220. Calculate the remainder when d is divided by q.
17
Let h(f) = -2*f**3 + 2*f**2 + 3*f + 3. Let u be h(-2). Suppose -5*m = -r - 60, -3*m - r = -4*r - 24. What is the remainder when 1*(2 + u - -1) is divided by m?
11
Suppose 4*d = 4*t + 64, 5*t + 72 = -0*t + 3*d. Let n = t - -29. Calculate the remainder when 66 is divided by n.
15
Let g = 4 + 47. What is the remainder when g is divided by 18?
15
Let b be (62/(-4))/((-4)/(-8)). Let a = b + 60. What is the remainder when a is divided by 8?
5
Let x = -3 - -7. Suppose -5*i + 102 = -k - 113, -x*k = 20. What is the remainder when i is divided by 11?
9
Suppose -242 - 162 = -4*n. Let u = 37 - 11. What is the remainder when n is divided by u?
23
Suppose 13*z - z - 84 = 0. Calculate the remainder when 40 is divided by z.
5
Let g(d) = d**3 + 5*d**2. What is the remainder when 77 is divided by g(-4)?
13
Let l = 174 - 124. Let k be l/(-4)*16/(-20). Suppose k = 7*i - 2*i. What is the remainder when 5 is divided by i?
1
Let w(x) = -2*x**2 + 13*x - 2. Suppose 0*o = 4*o - 52. Calculate the remainder when o is divided by w(6).
1
Suppose -45 - 20 = -5*f. Calculate the remainder when ((-20)/(-2))/((-110)/(-25) + -4) is divided by f.
12
Let b(v) = -6*v + 23. What is the remainder when b(-7) is divided by 17?
14
Suppose 0 = 21*i - 24*i + 54. Suppose -3*l + 87 = -123. What is the remainder when l is divided by i?
16
Suppose 0 = 4*m + 35 - 155. Let g(d) = -d**3 - 2*d**2 + d - 4. Let v be g(-3). Suppose -v*c + 10 + 22 = 0. Calculate the remainder when m is divided by c.
14
Let i = 51 + -25. What is the remainder when i is divided by 14?
12
Calculate the remainder when (-15)/(4 - -1)*-11 is divided by 12.
9
Suppose -9*o + 1279 = -791. What is the remainder when o is divided by 33?
32
Let j(p) = p**2 + 15*p + 22. Calculate the remainder when j(-15) is divided by 6/(6/7) - 1.
4
Let a(y) = 4*y**2 + y + 2. Calculate the remainder when 20 is divided by a(1).
6
Let y(v) = -3*v - 13. What is the remainder when 57 is divided by y(-14)?
28
Suppose 5*y - 5*q = -3*q + 18, -10 = 3*y + 4*q. Suppose -y - 10 = -2*i. Calculate the remainder when i is divided by 4.
2
Let n(l) = -26*l**3. Let f be n(-1). Let s = -12 + f. Suppose 0 = -5*h - 4*v + 60, 0*v + 42 = 4*h + 2*v. Calculate the remainder when s is divided by h.
6
Let h be 2/8 - 14/(-8). Let v(u) = -u**3 - 2*u**2 + 2*u + 2. What is the remainder when 16/2 - (h + -2) is divided by v(-3)?
3
Let o(g) = 9 - 4*g + 3*g + g**3 + 16*g**2 - 2*g**2. Calculate the remainder when o(-14) is divided by 13.
10
Suppose 47*b - 44*b = 63. What is the remainder when b is divided by 12?
9
Calculate the remainder when 57 is divided by (34 - 1) + 2*-2.
28
Let c be (155 - -3) + (4 - 2). Let x = c + -86. What is the remainder when (-1 - -2) + x/2 is divided by 13?
12
Suppose -5*j + 1 = 3*h + 2, -4*j = 20. Let y(f) = f**2 - 3*f - 7. Let x be y(-5). Let a = x + -18. What is the remainder when a is divided by h?
7
Let o = -21 + 41. Suppose -5*b + 5 = -o. Calculate the remainder when b is divided by 2.
1
Suppose 0 = -t + 6*t - 220. Suppose 3*p + n - t = 0, 0*n = -2*p + 2*n + 32. Let i(v) = 15*v - 2. Calculate the remainder when i(3) is divided by p.
13
Let k(g) = g**2 + 2*g + 3. Calculate the remainder when k(-4) is divided by 3.
2
Let i = 5 + -1. Let c = i - 2. Suppose c*k - 9 = -3, 3*o - k - 18 = 0. What is the remainder when 20 is divided by o?
6
Suppose 0 = h - 3*x - 29, 3*x - 18 = -h + 5. Calculate the remainder when h is divided by 7.
5
Let u(p) = -p**3 - 16*p**2 - 5*p - 32. Suppose 5*q = 2*j - 50, -3*j + q + q = -75. What is the remainder when u(-16) is divided by j?
23
Let w = 12 - 2. Calculate the remainder when 39 is divided by w.
9
Let v(d) be the second derivative of -d**3/3 + 9*d**2/2 - 4*d. Let f be v(7). What is the remainder when (-178)/f - 4/(-10) is divided by 19?
17
Suppose -3*b + 1 = -i, -i = -0*b + 2*b - 4. Suppose -i - 7 = u. Calculate the remainder when ((u/(-3))/3)/1 is divided by 1.
0
Suppose 22 = 2*q - 0*q. Suppose -75 = -4*a - q. Calculate the remainder when a is divided by 1*5*18/15.
4
Suppose 0 = -7*h + 2*h + 140. Let d = 40 - h. What is the remainder when 46 is divided by d?
10
Suppose 3*f - 501 = -0*f. What is the remainder when f is divided by 28?
27
Calculate the remainder when 682/8 - 5/20 is divided by 22.
19
What is the remainder when 64 is divided by (-255)/30*(-1 - 1)?
13
Let q(l) = l**3 + 15*l**2 - 3*l - 12. What is the remainder when q(-15) is divided by 12?
9
Let f(w) be the second derivative of w**5/4 - w**3/6 - w. Let j = -2 - -8. What is the remainder when j is divided by f(1)?
2
Suppose 40 = 4*n - 3*j, n + 43 = 4*n + j. Let b(v) = 2*v + 28. What is the remainder when n is divided by b(-10)?
5
Let g(i) = i**3 + 32*i**2 - i - 15. Suppose 4*h - 84 = -c, 2*c - c - 84 = 2*h. What is the remainder when c is divided by g(-32)?
16
Let n be 12/(-6) - (0 + -5). Suppose -n*y - 4*d = -65, 2*y = 6*d - 3*d + 66. Calculate the remainder when y is divided by 14.
13
Suppose -3*d = -3*x + 57, 2*x + 4*d - 21 = -1. Calculate the remainder when x is divided by 5.
1
Let t(n) = n**3 - 5*n**2 - 5*n - 3. Calculate the remainder when t(6) is divided by 0/((-6)/2) + 2.
1
Suppose 0 = -2*l - 0 + 8. Suppose 5*u - 45 = 5*g, -4*u + g + 6 = 3*g. Suppose -11 = -u*f - 3. Calculate the remainder when l is divided by f.
0
Suppose -20 = -4*c, -4*c + 7*c = j + 13. Suppose 4*k + 10*o = 5*o + 53, 0 = 2*o - j. Suppose -7*h + 9*h - 10 = 0. What is the remainder when k is divided by h?
2
Let s(b) = -b**3 - 13*b**2 - 11*b + 17. Let c be s(-12). Suppose 6*q = 3*q + 5*l + 107, -c*q = -3*l - 205. Calculate the remainder when q is divided by 15.
14
Suppose 8*h = -5*h + 247. Calculate the remainder when 112 is divided by h.
17
Let r(y) = 2*y - 8. Suppose 6 = 2*w + 2*q, 2*q + 3 = -w - q. What is the remainder when 7 is divided by r(w)?
3
Suppose -4*j + j = 4*a - 44, -j + 10 = -a. What is the remainder when 23 is divided by j?
11
Suppose 0 = n + s, 0*s = s + 2. What is the remainder when 13 is divided by n?
1
Suppose 12 = p - 45. What is the remainder when p is divided by 30?
27
Suppose -8*u - 15 + 79 = 0. Calculate the remainder when 17 is divided by u.
1
Suppose -l = -2*l + 28. What is the remainder when 54 is divided by l?
26
Let s = 9 + -4. Suppose 3*m + 0 - 105 = -s*i, -m + i + 35 = 0. Suppose -5*x = -5*d + 80, -4*d + 3*d + 5*x = -32. Calculate the remainder when m is divided by d.
11
Suppose 2*p - 672 = -p. Suppose 0 = 3*l - 4*c 